{"id":267,"date":"2018-09-25T12:50:22","date_gmt":"2018-09-25T12:50:22","guid":{"rendered":"https:\/\/www.apartmenthaus-fuerstenzeche.de\/?page_id=267"},"modified":"2024-11-12T11:29:33","modified_gmt":"2024-11-12T11:29:33","slug":"buchung","status":"publish","type":"page","link":"https:\/\/www.apartmenthaus-fuerstenzeche.de\/?page_id=267","title":{"rendered":"Anfrage"},"content":{"rendered":"<figure><img loading=\"lazy\" decoding=\"async\" src=\"https:\/\/www.apartmenthaus-fuerstenzeche.de\/wp-content\/uploads\/2018\/09\/preise.png\" alt=\"\" width=\"114\" height=\"115\" \/><figcaption>PREISE<\/figcaption><\/figure>\n<h2>HAUPTSAISON<\/h2>\n<h6>26.04.2025 \u2013 05.09.2025 und 14.12.2025 \u2013 10.01.2026<\/h6>\n<p>PREIS PRO APARTMENT<\/p>\n<p>2 PERSONEN:\u00a0 \u00a0 \u00a0 \u00a0 \u00a0 \u00a0 \u00a0 \u00a0 \u00a0 \u00a0 \u00a0 \u00a0 \u00a0 \u00a0 \u00a0 \u00a0 62 \u20ac<\/p>\n<p>JEDE WEITERE PERSON:\u00a0\u00a0\u00a0\u00a0\u00a0\u00a0\u00a0\u00a0\u00a0\u00a0\u00a0\u00a0 10 \u20ac<\/p>\n<p>KURBEITRAG PRO NACHT<\/p>\n<p>ERWACHSENE AB 16 JAHRE:\u00a0 2,00 \u20ac<\/p>\n<p>KINDER 6 BIS 15 JAHRE: \u00a0\u00a0\u00a0\u00a0\u00a0\u00a0\u00a0\u00a0 0,80 \u20ac<\/p>\n<p>KURZVERWEILAUFSCHLAG<\/p>\n<p>3 \u00dcbernachtungen\u00a0 \u20ac 5,- pro Person \/ Nacht<\/p>\n<p>2 \u00dcbernachtungen\u00a0 \u20ac 10,- pro Person \/ Nacht<\/p>\n<h2>NEBENSAISON<\/h2>\n<h6>12.01.2025 &#8211; 25.04.2025 und 06.09.2025 \u2013 13.12.2025<\/h6>\n<p>PREIS PRO APARTMENT<\/p>\n<p>2 PERSONEN:\u00a0 \u00a0 \u00a0 \u00a0 \u00a0 \u00a0 \u00a0 \u00a0 \u00a0 \u00a0 \u00a0 \u00a0 \u00a0 \u00a0 \u00a0 \u00a0 57 \u20ac<\/p>\n<p>JEDE WEITERE PERSON:\u00a0\u00a0\u00a0\u00a0\u00a0\u00a0\u00a0\u00a0\u00a0\u00a0\u00a0\u00a0 10 \u20ac<\/p>\n<p>KURBEITRAG PRO NACHT<\/p>\n<p>ERWACHSENE AB 16 JAHRE:\u00a0 2,00 \u20ac<\/p>\n<p>KINDER 6 BIS 15 JAHRE: \u00a0\u00a0\u00a0\u00a0\u00a0\u00a0\u00a0\u00a0 0,80 \u20ac<\/p>\n<p>KURZVERWEILAUFSCHLAG<\/p>\n<p>3 \u00dcbernachtungen \u20ac 5,- pro Person \/ Nacht<\/p>\n<p>2 \u00dcbernachtungen \u20ac 10,. pro Person \/ Nacht<\/p>\n<p>Der \u00dcbernachtungspreis beinhaltet Bettw\u00e4sche, Handt\u00fccher, Endreinigung, Babyausstattung, W-LAN, GUTTI und LAM PLUS. Das hei\u00dft FREIEN EINTRITT INS OSSERBAD INCL. SAUNA UND DAMPFBAD W\u00c4HREND IHRES GESAMTEN URLAUBS ! GUTTI d.h. FREIE BENUTZUNG \u00d6FFENTLICHER VERKEHRSMITTEL ! Frische Br\u00f6tchen werden jeden Morgen an die Apartmentt\u00fcre geliefert! Bei einer Urlaubsdauer von 2 Wochen ist eine \u00dcbernachtung kostenlos, bei 3 Wochen 2 usw.\u00a0 Alle Preise verstehen sich inklusive MwSt. Alle Preisangaben ohne Gew\u00e4hr. Wir behalten uns vor, Preise jederzeit und ohne Vorank\u00fcndigung zu \u00e4ndern. Bitte fragen Sie nach.&#8220;<\/p>\n<figure><img loading=\"lazy\" decoding=\"async\" src=\"https:\/\/www.apartmenthaus-fuerstenzeche.de\/wp-content\/uploads\/2018\/09\/anfrage.png\" alt=\"\" width=\"114\" height=\"115\" \/><figcaption>Anfrage<\/figcaption><\/figure>\n<h1>Unverbindliche Anfrage<\/h1>\n<div class='fluentform fluentform_wrapper_1'><form data-form_id=\"1\" id=\"fluentform_1\" class=\"frm-fluent-form fluent_form_1 ff-el-form-top ff_form_instance_1_1 ff-form-loading\" data-form_instance=\"ff_form_instance_1_1\" method=\"POST\" ><input type='hidden' name='__fluent_form_embded_post_id' value='267' \/><input type=\"hidden\" id=\"_fluentform_1_fluentformnonce\" name=\"_fluentform_1_fluentformnonce\" value=\"3f481c2ffc\" \/><input type=\"hidden\" name=\"_wp_http_referer\" value=\"\/index.php?rest_route=%2Fwp%2Fv2%2Fpages%2F267\" \/><div data-type=\"name-element\" data-name=\"names\" class=\" ff-field_container ff-name-field-wrapper\" ><div class='ff-t-container'><div class='ff-t-cell '><div class='ff-el-group'><div class='ff-el-input--label ff-el-is-required asterisk-right'><label for='ff_1_names_first_name_'>Vorname<\/label> <\/div><div class='ff-el-input--content'><input type=\"text\" name=\"names[first_name]\" id=\"ff_1_names_first_name_\" class=\"ff-el-form-control\" ><\/div><\/div><\/div><div class='ff-t-cell '><div class='ff-el-group'><div class='ff-el-input--label ff-el-is-required asterisk-right'><label for='ff_1_names_last_name_'>Nachname<\/label> <\/div><div class='ff-el-input--content'><input type=\"text\" name=\"names[last_name]\" id=\"ff_1_names_last_name_\" class=\"ff-el-form-control\" ><\/div><\/div><\/div><\/div><\/div><div class=\"ff-name-address-wrapper fluent-address\" data-type=\"address-element\" data-name=\"address_1\" ><div class='ff-el-input--content'><div class='ff-t-container'><div class='ff-t-cell'><div class='ff-el-group'><div class='ff-el-input--label ff-el-is-required asterisk-right'><label for='ff_1_address_1_address_line_1_'>Strasse<\/label> <\/div><div class='ff-el-input--content'><input type=\"text\" name=\"address_1[address_line_1]\" id=\"ff_1_address_1_address_line_1_\" class=\"ff-el-form-control\" data-key_name=\"address_line_1\" ><\/div><\/div><\/div><div class='ff-t-cell'><div class='ff-el-group'><div class='ff-el-input--label ff-el-is-required asterisk-right'><label for='ff_1_address_1_address_line_2_'>Nr.<\/label> <\/div><div class='ff-el-input--content'><input type=\"text\" name=\"address_1[address_line_2]\" id=\"ff_1_address_1_address_line_2_\" class=\"ff-el-form-control\" data-key_name=\"address_line_2\" ><\/div><\/div><\/div><\/div><div class='ff-t-container'><div class='ff-t-cell'><div class='ff-el-group'><div class='ff-el-input--label ff-el-is-required asterisk-right'><label for='ff_1_address_1_city_'>PLZ<\/label> <\/div><div class='ff-el-input--content'><input type=\"text\" name=\"address_1[city]\" id=\"ff_1_address_1_city_\" class=\"ff-el-form-control\" data-key_name=\"city\" ><\/div><\/div><\/div><div class='ff-t-cell'><div class='ff-el-group'><div class='ff-el-input--label ff-el-is-required asterisk-right'><label for='ff_1_address_1_state_'>Ort<\/label> <\/div><div class='ff-el-input--content'><input type=\"text\" name=\"address_1[state]\" id=\"ff_1_address_1_state_\" class=\"ff-el-form-control\" data-key_name=\"state\" ><\/div><\/div><\/div><\/div><div class='ff-t-container'><div class='ff-t-cell'><div class='ff-el-group'><div class='ff-el-input--label ff-el-is-required asterisk-right'><label for='ff_1_address_1_zip_'>Land<\/label> <\/div><div class='ff-el-input--content'><input type=\"text\" name=\"address_1[zip]\" id=\"ff_1_address_1_zip_\" class=\"ff-el-form-control\" data-key_name=\"zip\" ><\/div><\/div><\/div><\/div><\/div><\/div><div data-name=\"ff_cn_id_1\"  class='ff-t-container ff-column-container ff_columns_total_2  '><div class='ff-t-cell ff-t-column-1'><div class='ff-el-group'><div class='ff-el-input--label ff-el-is-required asterisk-right'><label for='ff_1_email'>Email<\/label> <\/div><div class='ff-el-input--content'><input type=\"email\" name=\"email\" id=\"ff_1_email\" class=\"ff-el-form-control\" data-name=\"email\" ><\/div><\/div><\/div><div class='ff-t-cell ff-t-column-2'><div class='ff-el-group'><div class='ff-el-input--label ff-el-is-required asterisk-right'><label for='ff_1_input_tel'>Telefon<\/label> <\/div><div class='ff-el-input--content'><input type=\"text\" name=\"input_tel\" class=\"ff-el-form-control\" data-name=\"input_tel\" id=\"ff_1_input_tel\" ><\/div><\/div><\/div><\/div><div data-type=\"name-element\" data-name=\"names_1\" class=\" ff-field_container ff-name-field-wrapper\" ><div class='ff-t-container'><div class='ff-t-cell '><div class='ff-el-group  ff-el-form-top'><div class='ff-el-input--label ff-el-is-required asterisk-right'><label for='ff_1_names_1_first_name_'>Anreisetag: Tag \/ Monat \/ Jahr<\/label> <\/div><div class='ff-el-input--content'><input type=\"text\" name=\"names_1[first_name]\" id=\"ff_1_names_1_first_name_\" class=\"ff-el-form-control\" ><\/div><\/div><\/div><div class='ff-t-cell '><div class='ff-el-group  ff-el-form-top'><div class='ff-el-input--label ff-el-is-required asterisk-right'><label for='ff_1_names_1_last_name_'> Abreisetag: Tag \/ Monat \/ Jahr <\/label> <\/div><div class='ff-el-input--content'><input type=\"text\" name=\"names_1[last_name]\" id=\"ff_1_names_1_last_name_\" class=\"ff-el-form-control\" ><\/div><\/div><\/div><\/div><\/div><div data-name=\"ff_cn_id_2\"  class='ff-t-container ff-column-container ff_columns_total_4  '><div class='ff-t-cell ff-t-column-1'><div class='ff-el-group'><div class='ff-el-input--label ff-el-is-required asterisk-right'><label for='ff_1_dropdown'>Erwachsene Anzahl<\/label> <\/div><div class='ff-el-input--content'><select name=\"dropdown\" id=\"ff_1_dropdown\" class=\"ff-el-form-control\" data-name=\"dropdown\" data-calc_value=\"0\" ><option value=\"\">- bitte Ausw\u00e4hlen -<\/option><option value=\"1\"  >1<\/option><option value=\"2\"  >2<\/option><option value=\"3\"  >3<\/option><option value=\"4\"  >4<\/option><option value=\"5\"  >5<\/option><option value=\"6\"  >6<\/option><option value=\"7\"  >7<\/option><option value=\"8\"  >8<\/option><option value=\"9\"  >9<\/option><option value=\"10\"  >10<\/option><\/select><\/div><\/div><\/div><div class='ff-t-cell ff-t-column-2'><div class='ff-el-group'><div class='ff-el-input--label asterisk-right'><label for='ff_1_dropdown_1'>Kind 1 Alter<\/label> <\/div><div class='ff-el-input--content'><select name=\"dropdown_1\" id=\"ff_1_dropdown_1\" class=\"ff-el-form-control\" data-name=\"dropdown_1\" data-calc_value=\"0\" ><option value=\"\">- bitte Ausw\u00e4hlen -<\/option><option value=\"0\"  >0<\/option><option value=\"1\"  >1<\/option><option value=\"2\"  >2<\/option><option value=\"3\"  >3<\/option><option value=\"4\"  >4<\/option><option value=\"5\"  >5<\/option><option value=\"6\"  >6<\/option><option value=\"7\"  >7<\/option><option value=\"8\"  >8<\/option><option value=\"9\"  >9<\/option><option value=\"10\"  >10<\/option><option value=\"11\"  >11<\/option><option value=\"12\"  >12<\/option><option value=\"13\"  >13<\/option><option value=\"14\"  >14<\/option><option value=\"15\"  >15<\/option><option value=\"16\"  >16<\/option><\/select><\/div><\/div><\/div><div class='ff-t-cell ff-t-column-3'><div class='ff-el-group'><div class='ff-el-input--label asterisk-right'><label for='ff_1_dropdown_2'>Kind 2 Alter<\/label> <\/div><div class='ff-el-input--content'><select name=\"dropdown_2\" id=\"ff_1_dropdown_2\" class=\"ff-el-form-control\" data-name=\"dropdown_2\" data-calc_value=\"0\" ><option value=\"\">- bitte Ausw\u00e4hlen -<\/option><option value=\"0\"  >0<\/option><option value=\"1\"  >1<\/option><option value=\"2\"  >2<\/option><option value=\"3\"  >3<\/option><option value=\"4\"  >4<\/option><option value=\"5\"  >5<\/option><option value=\"6\"  >6<\/option><option value=\"7\"  >7<\/option><option value=\"8\"  >8<\/option><option value=\"9\"  >9<\/option><option value=\"10\"  >10<\/option><option value=\"11\"  >11<\/option><option value=\"12\"  >12<\/option><option value=\"13\"  >13<\/option><option value=\"14\"  >14<\/option><option value=\"15\"  >15<\/option><option value=\"16\"  >16<\/option><\/select><\/div><\/div><\/div><div class='ff-t-cell ff-t-column-4'><div class='ff-el-group'><div class='ff-el-input--label asterisk-right'><label for='ff_1_dropdown_3'>Kind 3 Alter<\/label> <\/div><div class='ff-el-input--content'><select name=\"dropdown_3\" id=\"ff_1_dropdown_3\" class=\"ff-el-form-control\" data-name=\"dropdown_3\" data-calc_value=\"0\" ><option value=\"\">- bitte Ausw\u00e4hlen -<\/option><option value=\"0\"  >0<\/option><option value=\"1\"  >1<\/option><option value=\"2\"  >2<\/option><option value=\"3\"  >3<\/option><option value=\"4\"  >4<\/option><option value=\"5\"  >5<\/option><option value=\"6\"  >6<\/option><option value=\"7\"  >7<\/option><option value=\"8\"  >8<\/option><option value=\"9\"  >9<\/option><option value=\"10\"  >10<\/option><option value=\"11\"  >11<\/option><option value=\"12\"  >12<\/option><option value=\"13\"  >13<\/option><option value=\"14\"  >14<\/option><option value=\"15\"  >15<\/option><option value=\"16\"  >16<\/option><\/select><\/div><\/div><\/div><\/div><div class='ff-el-group'><div class='ff-el-input--label asterisk-right'><label for='ff_1_message'>Ihre Nachricht an uns:<\/label> <\/div><div class='ff-el-input--content'><textarea name=\"message\" id=\"ff_1_message\" class=\"ff-el-form-control\" rows=\"4\" cols=\"2\" data-name=\"message\" ><\/textarea><\/div><\/div><div class='ff-el-group ff-text-left ff_submit_btn_wrapper'><button type=\"submit\" class=\"ff-btn ff-btn-submit ff-btn-md ff_btn_style wpf_has_custom_css\" >Anfrage absenden<\/button><\/div><\/form><div id='fluentform_1_errors' class='ff-errors-in-stack ff_form_instance_1_1 ff-form-loading_errors ff_form_instance_1_1_errors'><\/div><\/div>        <script type=\"text\/javascript\">\n            window.fluent_form_ff_form_instance_1_1 = {\"id\":\"1\",\"settings\":{\"layout\":{\"labelPlacement\":\"top\",\"helpMessagePlacement\":\"with_label\",\"errorMessagePlacement\":\"inline\",\"cssClassName\":\"\",\"asteriskPlacement\":\"asterisk-right\"},\"restrictions\":{\"denyEmptySubmission\":{\"enabled\":false}}},\"form_instance\":\"ff_form_instance_1_1\",\"form_id_selector\":\"fluentform_1\",\"rules\":{\"names[first_name]\":{\"required\":{\"value\":true,\"message\":\"This field is required\"}},\"names[middle_name]\":{\"required\":{\"value\":false,\"message\":\"This field is required\"}},\"names[last_name]\":{\"required\":{\"value\":true,\"message\":\"This field is required\"}},\"address_1[address_line_1]\":{\"required\":{\"value\":true,\"message\":\"Dieses Feld ist erforderlich\"}},\"address_1[address_line_2]\":{\"required\":{\"value\":true,\"message\":\"Dieses Feld ist erforderlich\"}},\"address_1[city]\":{\"required\":{\"value\":true,\"message\":\"Dieses Feld ist erforderlich\"}},\"address_1[state]\":{\"required\":{\"value\":true,\"message\":\"Dieses Feld ist erforderlich\"}},\"address_1[zip]\":{\"required\":{\"value\":true,\"message\":\"Dieses Feld ist erforderlich\"}},\"address_1[country]\":{\"required\":{\"value\":false,\"message\":\"Dieses Feld ist erforderlich\"}},\"email\":{\"required\":{\"value\":true,\"message\":\"This field is required\"},\"email\":{\"value\":true,\"message\":\"This field must contain a valid email\"}},\"input_tel\":{\"required\":{\"value\":true,\"message\":\"Dieses Feld ist erforderlich\"}},\"names_1[first_name]\":{\"required\":{\"value\":true,\"message\":\"Dieses Feld ist erforderlich\"}},\"names_1[middle_name]\":{\"required\":{\"value\":false,\"message\":\"Dieses Feld ist erforderlich\"}},\"names_1[last_name]\":{\"required\":{\"value\":true,\"message\":\"Dieses Feld ist erforderlich\"}},\"dropdown\":{\"required\":{\"value\":true,\"message\":\"Dieses Feld ist erforderlich\"}},\"dropdown_1\":{\"required\":{\"value\":false,\"message\":\"Dieses Feld ist erforderlich\"}},\"dropdown_2\":{\"required\":{\"value\":false,\"message\":\"Dieses Feld ist erforderlich\"}},\"dropdown_3\":{\"required\":{\"value\":false,\"message\":\"Dieses Feld ist erforderlich\"}},\"message\":{\"required\":{\"value\":false,\"message\":\"This field is required\"}}}};\n                    <\/script>\n        \n<figure><a href=\"index.php#home1\"><br \/>\n<img loading=\"lazy\" decoding=\"async\" src=\"https:\/\/www.apartmenthaus-fuerstenzeche.de\/wp-content\/uploads\/2018\/09\/pfeil.png\" alt=\"\" width=\"114\" height=\"114\" \/> <\/a><figcaption>MEN\u00dc<\/figcaption><\/figure>\n","protected":false},"excerpt":{"rendered":"<p>PREISE HAUPTSAISON 26.04.2025 \u2013 05.09.2025 und 14.12.2025 \u2013 10.01.2026 PREIS PRO APARTMENT 2 PERSONEN:\u00a0 \u00a0 \u00a0 \u00a0 \u00a0 \u00a0 \u00a0 \u00a0 \u00a0 \u00a0 \u00a0 \u00a0 \u00a0 \u00a0 \u00a0 \u00a0 62 \u20ac JEDE WEITERE PERSON:\u00a0\u00a0\u00a0\u00a0\u00a0\u00a0\u00a0\u00a0\u00a0\u00a0\u00a0\u00a0 10 \u20ac KURBEITRAG PRO NACHT ERWACHSENE AB 16 JAHRE:\u00a0 2,00 \u20ac KINDER 6 BIS 15 JAHRE: \u00a0\u00a0\u00a0\u00a0\u00a0\u00a0\u00a0\u00a0 0,80 \u20ac KURZVERWEILAUFSCHLAG 3 [&hellip;]<\/p>\n","protected":false},"author":1,"featured_media":0,"parent":0,"menu_order":0,"comment_status":"closed","ping_status":"closed","template":"","meta":{"footnotes":""},"class_list":["post-267","page","type-page","status-publish","hentry","entry"],"_links":{"self":[{"href":"https:\/\/www.apartmenthaus-fuerstenzeche.de\/index.php?rest_route=\/wp\/v2\/pages\/267","targetHints":{"allow":["GET"]}}],"collection":[{"href":"https:\/\/www.apartmenthaus-fuerstenzeche.de\/index.php?rest_route=\/wp\/v2\/pages"}],"about":[{"href":"https:\/\/www.apartmenthaus-fuerstenzeche.de\/index.php?rest_route=\/wp\/v2\/types\/page"}],"author":[{"embeddable":true,"href":"https:\/\/www.apartmenthaus-fuerstenzeche.de\/index.php?rest_route=\/wp\/v2\/users\/1"}],"replies":[{"embeddable":true,"href":"https:\/\/www.apartmenthaus-fuerstenzeche.de\/index.php?rest_route=%2Fwp%2Fv2%2Fcomments&post=267"}],"version-history":[{"count":154,"href":"https:\/\/www.apartmenthaus-fuerstenzeche.de\/index.php?rest_route=\/wp\/v2\/pages\/267\/revisions"}],"predecessor-version":[{"id":1336,"href":"https:\/\/www.apartmenthaus-fuerstenzeche.de\/index.php?rest_route=\/wp\/v2\/pages\/267\/revisions\/1336"}],"wp:attachment":[{"href":"https:\/\/www.apartmenthaus-fuerstenzeche.de\/index.php?rest_route=%2Fwp%2Fv2%2Fmedia&parent=267"}],"curies":[{"name":"wp","href":"https:\/\/api.w.org\/{rel}","templated":true}]}}